216 = -2*u + r, -u + 20608 = 17*r - 19*r. List the prime factors of u.
2, 7, 23
Let r(a) = 23*a - 31. Suppose -5*j = 3*o - 22, -5*j + 2*j - 3*o + 12 = 0. What are the prime factors of r(j)?
2, 3, 7
Let u = -9 + 14. Suppose -u*l - 2*l = -1925. Suppose 0 = -73*j + 68*j + l. List the prime factors of j.
5, 11
Let p(o) = o**3 - 23*o**2 + 163*o + 239. What are the prime factors of p(33)?
2, 4127
Let q(r) = -15*r + 20. Let v be q(2). Let p(m) = 3*m**2 + 13. List the prime factors of p(v).
313
Let s(g) = 63*g - 68. Let x be s(6). Suppose 0 = 2*o - 2, -c - 5*o + 342 = -x. What are the prime factors of c?
647
Let t be 1/((-2)/(-10)) + 20280/5. Suppose -2*k + 1625 = -11*c + 10*c, 5*k = 2*c + t. List the prime factors of k.
811
Let c = 831 - 827. Suppose -5*s + 5*d + 3230 = 0, -2*s + d = -0*d - 1289. Suppose 0*y - 4*j = -5*y + s, -4*y - c*j = -500. What are the prime factors of y?
127
Let h(q) = 28*q**2 + 30*q - 259. List the prime factors of h(-16).
3, 2143
Let q be 182/5 + 20/(-50). Suppose -q*u = -34*u + 104. Let w = 1 - u. List the prime factors of w.
53
Suppose -18499 = -3*q + a, a - 31820 + 983 = -5*q. List the prime factors of q.
7, 881
Suppose 185*p - 43616986 = -27*p - 530*p. List the prime factors of p.
29, 2027
Let x be 1*2/(-3)*-6 + 7. Suppose -3*q + 1929 = 5*c, -3*c + 1155 = -x*q + 14*q. List the prime factors of c.
3, 43
Let o(t) = 33*t - 19. Let n = -146 + 156. List the prime factors of o(n).
311
Let a(v) = 371*v + 6. Let w be a(2). Let p be 6/15 - 104/(-40). Suppose 4*z + 452 = p*c, 3*c - 4*z - w = -2*c. What are the prime factors of c?
2, 37
Suppose -3*o + 34 = -o. Let m(d) = d**3 - 16*d**2 - 17*d + 3. Let p be m(o). Suppose 3*h + 159 = 5*q + 7*h, p*h = -5*q + 158. List the prime factors of q.
31
Let w(n) be the second derivative of -3*n**5/5 + n**4/12 + n**3 - n**2/2 - 53*n. What are the prime factors of w(-3)?
2, 157
Let f be (-3010)/(-18) - (-3 - 58/(-18)). Let v = 537 - f. Let t = v - 245. List the prime factors of t.
5
Let a = 26459 - 18605. List the prime factors of a.
2, 3, 7, 11, 17
Let c be (-4)/(84/133) - (-8)/6. Let h(i) = -i**3 - 6*i**2 - 9*i + 7. Let y be h(c). Suppose -y - 1 = -4*d. List the prime factors of d.
7
Let f(w) = w**3 + 9*w**2 - 10*w - 15. Let v be f(-10). Let r be 10/v*18/(-4). Suppose -274 + 100 = -r*y. List the prime factors of y.
2, 29
Let h(j) = 1890*j + 470. Let x(z) = 105*z + 26. Let f(y) = -6*h(y) + 110*x(y). List the prime factors of f(4).
2, 5, 11
Let z(t) = -t**2 + 48*t + 79. Let m be z(36). Let c = m + -120. List the prime factors of c.
17, 23
Suppose -14*x + 1914 = 8*x. Suppose 3*m + 91*a = x*a + 987, 4*m - a = 1335. What are the prime factors of m?
3, 37
Let h be 44/(-66) + (-16)/(-6). Suppose -h*p = -8*p + 1188. What are the prime factors of p?
2, 3, 11
Let n be (14 - 21/2)*64/7. Suppose -n*l = -22*l - 17900. List the prime factors of l.
2, 5, 179
Suppose -11371 = -4*p + 5*i, -2*p - i - 446 = -6149. List the prime factors of p.
7, 11, 37
Suppose -108*j - 16422 = -3*m - 111*j, -j = 3*m - 16418. List the prime factors of m.
2, 3, 19
Let x = 116 + -114. Suppose -j + 3 + x = 0. Suppose 0 = 3*z - 4*q - 667 + 197, -j*q = 5*z - 795. List the prime factors of z.
2, 79
Suppose 0 = -8*l + 8 - 104. Let k(t) = t**2 + 13*t + 8. Let r be k(l). List the prime factors of (11 - r/(-2))/1.
3
Suppose 3*d = -27, 33*d = 2*g + 37*d - 40830. What are the prime factors of g?
3, 7, 139
Let p = 34 - 37. Let d be ((-8)/(-2) - 2) + p*5. Let b(x) = x**3 + 13*x**2 - 5*x. List the prime factors of b(d).
5, 13
Let j = 50 + -56. Let g(b) = -5*b - 25. Let y be g(j). Suppose -2*p - 703 = -y*h, -4*p - 10 = 6. What are the prime factors of h?
139
What are the prime factors of (7404 + (11 - 10))*((-23)/(-5) - 3)?
2, 1481
Let i(z) = -z**2 - 7*z + 7. Let h be i(-2). List the prime factors of -9 - (-2288)/(h + -9).
277
Let n(x) = 61*x**2 - 105*x - 4091. What are the prime factors of n(-30)?
53959
Let d be (0/1)/(4 - 6). Let a be (-260)/(-25) + 2/(-5). Suppose a*o + 2*o - 1416 = d. What are the prime factors of o?
2, 59
Suppose i + 28 + 603 = -2*p, 2*p - 639 = i. Let s = i + 1187. List the prime factors of s.
2, 3, 23
Suppose 2474833 = 246*j - 167*j. List the prime factors of j.
31327
Let p = -25 + 32. Suppose 3*k = 2 + p. Suppose k*s - 47 = 481. List the prime factors of s.
2, 11
Suppose 6*h - h - 745 = 0. Suppose -242 = -35*p - 67. Suppose -g - 661 = -p*r + 2*g, -5*g + h = r. List the prime factors of r.
2, 67
Suppose 3*g + 5*b - 200055 = 43689, -3*b = -5*g + 406172. What are the prime factors of g?
2, 151, 269
Let w = -2868 - -3992. List the prime factors of w.
2, 281
Suppose m = -3*v + 20 + 6, -5*m = 2*v. Suppose -1215 = -v*d + 3165. List the prime factors of d.
2, 3, 73
Let d be -137 - ((-56)/(-126))/(2/9). Let o = 254 - d. List the prime factors of o.
3, 131
Suppose -f = -5*o - 32496, 5*f - 15*o = -10*o + 162600. What are the prime factors of f?
2, 3, 13, 139
Suppose -5*h = -2*u - 216599, 0 = -2*h - 2*u + 7*u + 86669. List the prime factors of h.
3, 4813
Let q = -5888 + 10185. What are the prime factors of q?
4297
Let a(i) = -5744*i**3 - 2*i**2 - 7*i - 3. List the prime factors of a(-1).
2, 13, 17
Suppose 0 = 141*n - 109567 - 1544927. List the prime factors of n.
2, 5867
Let l be 36/(-30)*25/(-10). List the prime factors of l*2/12*(898 + 0).
449
Let g(r) be the third derivative of 31*r**4/12 - 41*r**3/2 - 31*r**2. List the prime factors of g(8).
373
Suppose 5*c - 3*v - 3754 = 14673, -14740 = -4*c + 2*v. What are the prime factors of c?
29, 127
Suppose 804*k - 871*k = -1399831. List the prime factors of k.
17, 1229
Let g = -298 + 306. Suppose 6754 + 3470 = g*f. List the prime factors of f.
2, 3, 71
Let f(y) = 34*y - 9. Let j be f(5). Suppose -191 = -5*s - j. List the prime factors of s/21 - 6096/(-28).
2, 109
Suppose -r - 11*k + 10*k + 5673 = 0, -2*k - 11358 = -2*r. Suppose 19*f + 508 = r. What are the prime factors of f?
2, 17
Let b = -18968 - -78011. List the prime factors of b.
3, 19681
Let x(h) = -h**2 + 131*h + 824. Let w be x(-6). Let u = -5 + 8. Suppose 5*l = -t + 140, -l - w = -u. What are the prime factors of t?
3, 5
Let s(p) = 59*p + 49. Let g(x) = -29*x - 24. Let i(l) = 7*g(l) + 4*s(l). List the prime factors of i(10).
2, 179
List the prime factors of -3539*(-5 + 5 + -1).
3539
Let x(o) = -o - 3. Let n be x(-8). Suppose -5*f - 3*a = -19, -f - n*a + 21 = 2*f. Suppose 2*l - 162 = -4*z + 12, -141 = -3*z + f*l. List the prime factors of z.
3, 5
Suppose -g + 4*s + 23 = 0, 2*s = -3*s - 25. Suppose -j = -4*f + 2*j + 3958, 5*f - 4934 = -g*j. List the prime factors of f.
2, 13, 19
Let g be -1 - -5 - 0/(-25). Suppose -3*y + g*d + 10 = 0, 4*y + 2*d = 9 - 3. Suppose 4*p - 214 = y*u, -101 = -3*p + u + 61. What are the prime factors of p?
5, 11
Let g = -29 - -34. Suppose -4*y + y - 80 = -g*w, 120 = 5*w + 5*y. Suppose -d - w = -48. List the prime factors of d.
29
Suppose -2259 - 2228 = 7*i. Suppose -4*c + 921 - 2385 = 5*n, 1452 = -4*c - 2*n. Let x = c - i. What are the prime factors of x?
2, 5, 7
Suppose 0 = 5*y + 474 - 139. Let z = y + 69. Suppose -3*r + 780 = z*r. List the prime factors of r.
2, 3, 13
Let k(f) = -3*f + 8. Let y be k(6). Let o be 2*(-8)/16*25. What are the prime factors of (-1135)/o - 6/y?
2, 23
Suppose -7*r + 1963 = 136. What are the prime factors of r?
3, 29
Let c = -11005 - -24423. List the prime factors of c.
2, 6709
Let f(r) = -r**3 + 8*r**2 + 4*r + 7. Let m = -132 + 140. Let d be (-2)/m - 165/(-20). List the prime factors of f(d).
3, 13
Let r(c) = -2*c + c**2 - 2*c**2 - 7*c - 6. Suppose -29*s + 27 - 230 = 0. List the prime factors of r(s).
2
Let y(d) = 1 + 3 - 3*d + 0 + 2*d - d**2. Let a be y(0). Suppose -5*n = -j - 403 - 103, -2*j - 406 = -a*n. List the prime factors of n.
101
Let c(s) = 7*s. Let q be c(-20). What are the prime factors of (-3114)/5*q/56?
3, 173
Let b be 23/(-115) + (-22)/(-10). Suppose -b*g + 855 = 5*a, -130 = g - 5*a - 595. List the prime factors of g.
2, 5, 11
Let w = 4853 + 2166. What are the prime factors of w?
7019
Suppose 0 = -296*k + 17273172 + 390628. List the prime factors of k.
5, 7, 11, 31
Let n = -68 - -71. Suppose 2*g - n = v, 3*v - 12 = -8*g + 7*g. Suppose -273 - g = -6*s. List the prime factors of s.
2, 23
Suppose -18*v + 17*v + 3 = 0. Suppose -2*c - 424 = 2*c - 4*q, 3*q = -v*c 